
101034 (base 5) to base 13
1646
What is -5145 (base 6) in base 14?
-5bb
What is 422 (base 11) in base 12?
364
Convert 3bc0 (base 14) to base 11.
7a27
10000011 (base 2) to base 10
131
-9cb (base 14) to base 8
-3627
Convert 16a (base 14) to base 4.
10202
Convert -533 (base 15) to base 8.
-2225
2682 (base 9) to base 11
1575
Convert -73fd (base 16) to base 8.
-71775
-12011333 (base 4) to base 3
-1021020102
-32a (base 15) to base 2
-1011001011
Convert 63313 (base 7) to base 11.
10795
What is -6ba9 (base 12) in base 7?
-50136
Convert -1069 (base 10) to base 16.
-42d
What is -1354 (base 8) in base 16?
-2ec
-122441 (base 7) to base 11
-15a13
What is 800e (base 15) in base 13?
c3b0
Convert -8285 (base 16) to base 6.
-414405
Convert -1211011 (base 3) to base 14.
-6ab
Convert 20220 (base 4) to base 3.
202110
What is 112 (base 14) in base 3?
21212
What is 11100012 (base 3) in base 6?
22352
What is -230123 (base 4) in base 12?
-178b
3222 (base 5) to base 13
278
-3363 (base 8) to base 9
-2386
-3401 (base 10) to base 7
-12626
What is 21222011 (base 4) in base 6?
503045
What is 22202111 (base 3) in base 14?
2481
Convert 12322 (base 4) to base 11.
372
1706 (base 13) to base 14
133c
1123012 (base 4) to base 15
1ada
What is -687 (base 14) in base 11?
-a78
What is 13765 (base 8) in base 13?
2a3a
-720 (base 10) to base 4
-23100
-135156 (base 9) to base 4
-110021031
Convert -a4 (base 16) to base 2.
-10100100
-41202 (base 5) to base 10
-2677
2d1c (base 14) to base 16
1f7e
Convert -c57 (base 16) to base 13.
-1590
What is -943 (base 11) in base 10?
-1136
Convert 100102033 (base 4) to base 16.
1048f
What is 124021 (base 5) in base 7?
20150
-254 (base 14) to base 3
-122021
102111101 (base 3) to base 9
12441
What is 101111100100110 (base 2) in base 8?
57446
846a (base 12) to base 15
4457
What is -5100 (base 6) in base 9?
-1470
What is -2110 (base 9) in base 8?
-3014
-1450 (base 8) to base 15
-38d
-1966 (base 14) to base 12
-27b2
Convert 14111 (base 5) to base 16.
484
51127 (base 9) to base 3
1201010221
What is -13a84 (base 13) in base 15?
-ae35
Convert -662 (base 7) to base 10.
-338
Convert -20137 (base 10) to base 3.
-1000121211
-2304 (base 10) to base 15
-a39
What is -139 (base 16) in base 4?
-10321
Convert 517 (base 12) to base 9.
1011
What is 1523 (base 9) in base 11?
960
What is 235524 (base 6) in base 12?
bba4
What is 312 (base 12) in base 4?
12332
50 (base 13) to base 2
1000001
What is -874 (base 11) in base 13?
-629
Convert d52a (base 14) to base 12.
19296
Convert 33573 (base 8) to base 5.
423303
1617 (base 9) to base 14
63d
What is 808 (base 9) in base 5?
10111
What is 16227 (base 13) in base 2?
1010010010000010
What is 249 (base 11) in base 5?
2140
Convert -25111 (base 6) to base 13.
-18ca
1a1 (base 14) to base 11
287
Convert -5862 (base 12) to base 14.
-384a
What is 1020202102 (base 3) in base 9?
36672
22475 (base 8) to base 4
2110331
Convert 12 (base 11) to base 5.
23
-6ab (base 13) to base 2
-10010000011
-864 (base 10) to base 7
-2343
Convert -24031 (base 6) to base 14.
-13a3
55003 (base 11) to base 14
21167
Convert 4071 (base 8) to base 15.
955
Convert -391 (base 15) to base 13.
-4a5
What is -303a (base 13) in base 4?
-1213300
Convert -1444 (base 8) to base 12.
-570
What is -21818 (base 10) in base 15?
-66e8
-ba8 (base 14) to base 12
-1400
-30300 (base 5) to base 15
-8a0
What is 1100100110100 (base 2) in base 8?
14464
Convert -a812 (base 11) to base 9.
-21538
Convert -1134210 (base 5) to base 7.
-115515
Convert -1225 (base 10) to base 2.
-10011001001
What is -11960 (base 11) in base 2?
-100001011100111
11101011011000 (base 2) to base 16
3ad8
What is 46 (base 9) in base 16?
2a
What is -1283 (base 15) in base 10?
-3948
Convert 2a6 (base 12) to base 9.
510
Convert 1022211 (base 3) to base 5.
12332
What is -11110100 (base 2) in base 14?
-136
What is -11001100100 (base 2) in base 7?
-4525
What is -16413 (base 8) in base 14?
-29d1
Convert b08 (base 15) to base 16.
9b3
-1cc0 (base 16) to base 5
-213420
Convert -1867 (base 10) to base 4.
-131023
223030 (base 4) to base 14
1016
-1300310 (base 4) to base 3
-100220102
Convert 9c (base 15) to base 7.
300
Convert -5c30 (base 14) to base 8.
-37362
Convert -321222 (base 7) to base 9.
-84336
Convert -6666 (base 7) to base 11.
-1892
What is -1056 (base 16) in base 4?
-1001112
-271 (base 13) to base 12
-2ba
53013 (base 6) to base 11
53a9
What is 353 (base 11) in base 12?
2b1
335513 (base 6) to base 12
14599
-477 (base 13) to base 5
-11044
-892 (base 10) to base 5
-12032
Convert 222211 (base 3) to base 2.
1011010100
What is -63664 (base 7) in base 14?
-5a6b
Convert -11103 (base 10) to base 15.
-3453
What is -1333 (base 7) in base 16?
-202
4809 (base 10) to base 8
11311
Convert -1526 (base 11) to base 14.
-a04
4920 (base 13) to base 2
10100001011111
6233 (base 7) to base 14
b1a
Convert -403 (base 5) to base 11.
-94
What is 1818 (base 13) in base 9?
4806
What is -1200102 (base 3) in base 8?
-2312
15544 (base 7) to base 12
2661
What is -31cb (base 16) in base 15?
-3b9c
Convert 100335 (base 6) to base 14.
2c4b
215 (base 9) to base 13
107
Convert 1b384 (base 13) to base 12.
26a53
What is 677 (base 10) in base 8?
1245
Convert -16537 (base 8) to base 15.
-2364
-a77 (base 13) to base 6
-12140
-371 (base 11) to base 4
-12321
What is 110221121 (base 3) in base 2?
10010011011111
What is -111110101 (base 2) in base 11?
-416
Convert 101001101101111 (base 2) to base 3.
1002022002
What is -6511 (base 11) in base 12?
-4b8b
-2352 (base 7) to base 2
-1101100110
Convert -2334 (base 5) to base 13.
-206
What is 2b99 (base 15) in base 11?
7048
What is -2122220 (base 3) in base 7?
-5442
152c (base 16) to base 3
21102202
Convert -10111001100 (base 2) to base 3.
-2000222
-1907 (base 11) to base 13
-1149
What is -14761 (base 10) in base 3?
-202020201
What is -120340 (base 5) in base 10?
-4470
What is 1039 (base 10) in base 11?
865
Convert 44111 (base 7) to base 11.
8320
-2010100 (base 3) to base 15
-6d3
Convert -224222 (base 5) to base 3.
-102001121
426 (base 9) to base 3
110220
What is 602 (base 7) in base 13?
19a
-228 (base 12) to base 4
-11000
What is -10011001 (base 2) in base 6?
-413
1a4 (base 15) to base 13
232
-4536 (base 7) to base 3
-2020220
Convert 620 (base 8) to base 2.
110010000
967 (base 11) to base 6
5214
231 (base 16) to base 6
2333
1004243 (base 5) to base 14
5c90
What is -1111111100100 (base 2) in base 16?
-1fe4
-13541 (base 6) to base 8
-4145
What is -11420 (base 10) in base 2?
-10110010011100
What is -22a2 (base 15) in base 6?
-54012
26418 (base 12) to base 9
78832
Convert 11112112 (base 3) to base 7.
12434
What is -1011101101 (base 2) in base 13?
-458
Convert -310012 (base 4) to base 7.
-12502
Convert 2554 (base 10) to base 2.
100111111010
-1100011 (base 2) to base 13
-78
-10100001010 (base 2) to base 12
-8b6
120002011 (base 3) to base 6
122521
-100011100 (base 2) to base 16
-11c
What is -18b (base 14) in base 11?
-270
22210 (base 3) to base 7
456
Convert 504 (base 11) to base 13.
37b
Convert 23232 (base 4) to base 8.
1356
What is -1012111000 (base 3) in base 6?
-301343
Convert -313101 (base 4) to base 16.
-dd1
What is 328 (base 16) in base 9?
1087
Convert 642 (base 10) to base 12.
456
Convert 2122102122 (base 3) to base 12.
26175
Convert 3221303 (base 4) to base 3.
202112012
-3124003 (base 5) to base 2
-1100101000101001
Convert 39a65 (base 11) to base 14.
16ba7
-10001000000101 (base 2) to base 8
-21005
417 (base 15) to base 16
39a
223033 (base 4) to base 16
acf
3544 (base 6) to base 8
1530
What is 565 (base 16) in base 12?
971
9ed (base 16) to base 3
10111010
What is 23a (base 15) in base 9?
621
What is -2211210 (base 4) in base 8?
-24544
What is 200042 (base 5) in base 8?
14200
What is 41 (base 16) in base 6?
145
What is -4944 (base 12) in base 3?
-102022221
What is -15133 (base 15) in base 5?
-4132043
Convert -3331 (base 9) to base 12.
-150a
1233120 (base 4) to base 11
53a0
-2a4 (base 11) to base 10
-356
What is -23576 (base 11) in base 13?
-125c7
2210121 (base 3) to base 7
5644
Convert 44607 (base 11) to base 13.
2354b
Convert -5067 (base 14) to base 15.
-415b
Convert 100333 (base 4) to base 5.
13322
Convert 4584 (base 10) to base 6.
33120
-10000323 (base 4) to base 5
-1011233
430 (base 5) to base 8
163
What is -30d8 (ba